 - (-1 - -15).
-10
-1 + -7 + 4 + -2
-6
Calculate -7 + -1 + (-8 - (9 + -5)) + 23.
3
What is -8 - (-6 - -1 - (3 + -7))?
-7
140 + -143 + -1 + -3
-7
Evaluate -2 - 19 - (69 + -84).
-6
What is the value of (6 - (-10 + 22 + 2 + -10)) + 30?
32
11 + -35 + (8 + -9 - 2)
-27
28 + -21 + 19 + 0
26
Evaluate (-4 - (8 + -1)) + (14 - 5).
-2
-30 + (4 - (-92 - -27))
39
What is (-8 - (-20 - -28)) + 16?
0
What is -4 + (-1 - -10) + (50 - 57)?
-2
What is the value of 5 + (-15 - (3 - 14))?
1
What is -23 + -2 - -10 - -7?
-8
Evaluate -3 - (-32 + 36 - (19 + (-1 - -3))).
14
Evaluate (5 - (4 - 0)) + 2 - -6.
9
Evaluate -46 - -17 - -31 - (18 - -2).
-18
What is the value of 1 - (-79 - -66 - (-6 - 0))?
8
What is (-10 - 0) + -44 + -33 + 86?
-1
Evaluate -17 + 59 + -38 + (8 - -1 - -1).
14
What is the value of -3 + 8 - (0 + 1)?
4
Calculate 0 + (-19 + 5 + 6 - -2).
-6
0 - 14 - (289 - 276)
-27
What is (0 - 0) + 13 + -29 + 6 + 2?
-8
What is the value of -14 + -5 + 22 - (11 - 0)?
-8
-13 + 10 + 4 + -6 + -9
-14
Evaluate 7 + -2 + 2 - (15 - (-4 + 13)).
1
Calculate -10 - ((-7 - 0) + (-6 - (-5 - 0))).
-2
What is -6 - ((29 - 37) + (6 - 2))?
-2
What is (-16 + -21 - -44) + -7?
0
4 - (-1 + 3 + (-2 - 26 - -15))
15
-8 + (-11 - (-2 + (0 - 6)) - -4)
-7
What is 8 - 14 - (3 + -10 - (-11 - 13))?
-23
Calculate -10 + -10 + 19 - (-1 - -3).
-3
Calculate -24 + (16 - (21 - 11)).
-18
What is the value of 16 + (-2 - (7 - 7)) + -1 - 6?
7
4 + -1 + -2 + -3 + -7 + 4
-5
What is the value of -87 + 87 - (-2 + (-2 - -3) - -6)?
-5
What is the value of 129 + -138 + (13 - -5) + 3 + -2?
10
What is the value of 4 - (-3 - -8) - -5?
4
What is 0 + (9 - 1) + -51 + 49?
6
Evaluate (1 - -19) + 146 + -173.
-7
Evaluate -3 + (1 - -19) + -398 + 378.
-3
What is (4 - 20) + (19 - 13)?
-10
Calculate 0 - 10 - (-16 + -5 - -28).
-17
What is -11 + -1 + 28 + -21?
-5
What is 9 - ((-1 - -9 - (-10 - -27)) + 28)?
-10
Calculate 0 - 7 - (-15 + 7 - -18).
-17
Calculate 6 + -19 + (-31 - -45).
1
What is the value of 3 + (-2 - 4) + (-1 - -8)?
4
Calculate 1 + -1 + -15 + -32 + (-33 - -63).
-17
What is (-4 - (9 + -14)) + 10?
11
Evaluate 1 - 4 - -3 - -21.
21
What is 1784 + -1760 + (-52 - 1)?
-29
What is -5 - (0 - 3 - (10 + -12) - -9)?
-13
Calculate -179 + 102 + 125 + -1 + 0 + -11.
36
Evaluate 5 + -2 + (7 - (5 + 9)).
-4
-6 + -2 - (7 - (-11 - (-3 - 20)))
-3
(-16 - (1 - 3)) + 329 + -332
-17
Evaluate (8 + -5 - -1) + (1 - -7).
12
What is the value of -72 - -65 - (-27 + 4)?
16
Evaluate -13 + (-1 - -7) - -5.
-2
Evaluate -3 + -1 - (-378 - -382).
-8
Calculate (15 - (19 + -7)) + 0 - 30.
-27
What is the value of -5 + -2 - ((-8 - -3) + -4 + 2)?
0
Evaluate (-39 - -12) + (-1 - (-3 + -3)) + 9.
-13
Calculate (-21 - -6) + (10 - (9 - -5)).
-19
108 - 41 - 29 - -1
39
Evaluate -28 + -15 + 35 - (2 + 1).
-11
What is -154 + 154 - (-39 + 7)?
32
Evaluate (4 - 14) + -49 + 61.
2
What is -29 + 19 + -7 - -32 - 6?
9
What is the value of (2 + -3 + 2 - -6) + (-46 - -38)?
-1
What is (5 - (4 + -13)) + -6 - -3?
11
12 + -1 - (-157 - -165)
3
What is -48 - (9 - 24 - 6) - (-1 + -8)?
-18
Calculate (15 + 45 - 8) + -17.
35
Evaluate (-27 - -11 - -12) + 0 + -5.
-9
What is the value of 0 + 1 + (22 - (-6 - (-10 - 2)))?
17
What is (82 - 111) + 17 + 1?
-11
39 - (-13 + 89 + -11)
-26
17 - (9 - -15) - -24
17
What is (-1 + (6 - -2) - -26) + (11 - 18)?
26
What is 141 - 138 - (-7 - -1 - 1)?
10
-19 + (-39 - -21) + 13
-24
What is the value of -7 + -12 + 3 + (-16 - -21)?
-11
Calculate -2 - 0 - (470 - 454).
-18
-1115 + 1155 - (-1 + 60)
-19
What is the value of (-37 - (-7 + -16)) + -18?
-32
What is the value of -7 - (8 + -1) - 4?
-18
Calculate -7 + -5 - -7 - -10.
5
What is 12 - 0 - (31 - 7 - 28 - -16)?
0
What is the value of (-4 + 12 - 5) + (-1 - 14)?
-12
What is -17 - (12 - (-12 + (17 - 2)))?
-26
What is (55 - 64) + (1 - 7 - -8)?
-7
What is the value of 25 - 48 - (8 - 2)?
-29
What is the value of 258 + -264 - (0 - (-2 + 15))?
7
What is (-81 - -69) + 1 + 29 - -4?
22
What is -2 + 0 - (48 - 53)?
3
(11 - -2) + -2 + -16 + 1 + -2
-6
What is -10 - (4 - (2 + (2 - 5) - -9))?
-6
Evaluate (10 - 11) + 2 + 4 + -7.
-2
Calculate -4 + (-6 - -12) + -3 + 0.
-1
Calculate -24 + (-3 - -5) + 5.
-17
Calculate (0 - 2) + (-590 + 584 - (0 - 20)).
12
What is 2 - (8 - (5 - (-9 + 11)))?
-3
-10 + 0 + 12 + -4 - 4
-6
Evaluate 6 + (10 - 51) + 9 - -11.
-15
(6 + -1 + -8 - 4) + 1
-6
Evaluate 8 + 1 + -13 + (-4 - (-3 + 1)).
-6
Evaluate (-3 - -14) + (2 + 21 - 58).
-24
Evaluate (60 - 47) + (-17 - 1).
-5
What is -3 + (2 + -4 - -5) + (41 - 40)?
1
36 - ((-16 - (-32 - -18)) + (14 - 1))
25
Calculate (4 - 7) + 3 - -4.
4
Calculate -2 + (4 - 14) - (12 + -23).
-1
Calculate (38 + -2 - 4) + 98 + -110.
20
What is -9 - (-12 + 22 + -10)?
-9
What is (-11 - -3 - -13) + -7 + -2?
-4
Calculate (19 - 6) + (-7 - 5).
1
(-10 + 3 - -2 - 4) + -3
-12
Calculate (5 - 13 - (-18 + 0)) + (1 - 3).
8
Calculate 0 - -10 - (-178 + 180).
8
Evaluate (-9 + 6 - 0 - -4) + 3 - -3.
7
What is 12 + -5 + (-14 - 9)?
-16
769 + -787 - (0 - 1)
-17
Evaluate 25 + -5 + 0 + -3 - (4 - -1).
12
Calculate -2 - (-25 - -23) - (-1 + 2 - -28).
-29
What is the value of -13 - (-16 + -23 + 8)?
18
Evaluate -10 - (-47 + 17 - -14).
6
Evaluate 0 + 7 + -6 + (9 - 2) + 10.
18
What is -13 + (21 + -26 - -3) - (0 + 8)?
-23
Evaluate 26 + -26 + -31 + 18.
-13
Evaluate (1 - (-3 - -1) - (-1 - 4)) + -15.
-7
Calculate 3 + 1 + -3 + (-3 - -8) + -12.
-6
What is the value of (43 - 37 - (2 - 0)) + -13?
-9
Calculate 3 + -4 + -3 + 3 + -4 + 2.
-3
What is the value of 16 + -11 + (19 - 4) + -4?
16
What is the value of 6 + -6 - (8 + -1) - -17?
10
Calculate (3 - 6) + (-4 - (6 - 12)).
-1
What is (0 - (1 - 4)) + (148 - 73) + -65?
13
What is -2 - (-19 + 0) - (60 - 63)?
20
What is the value of (-12 + -2 - (-18 + 10)) + 12 + 0?
6
Evaluate (-1 + 18 + -3 - 2) + 4.
16
What is the value of (110 - 100) + (1 - 0) + 9 + 19?
39
2 + -11 + 0 + 11 + -20
-18
Evaluate 13 + -7 + (-5 - 0 - -1) + -1.
1
-176 + 151 - (-38 - 3)
16
Calculate (0 - -1) + -2 + (4 - -1 - 16).
-12
1 + 0 + 9 + 10
20
What is 46 + -45 + -3 + 15 + (3 - 4)?
12
Evaluate (10 - (17 + (4 - 14))) + (0 - -8).
11
What is 0 + 6 - (6 + (11 - 31) + 8)?
12
Calculate -1 + (-6 - -7) + -8.
-8
Evaluate 7 - (-4 - -14 - (3 + -9) - -7).
-16
-19 + -19 + 35 - (-1 + -9)
7
11 + (-9 - -2) + -2 - -11
13
What is the value of -1 + -22 + (-21 - (-10 + -8))?
-26
Calculate 38 + (26 - 42) + -26.
-4
What is -6 - (-1 + (11 - 13))?
-3
What is -10 + (5 - -6) + -11 + 7?
-3
What is 1 + (4 - (-3 - -10)) - (-5 - 1)?
4
Evaluate (-13 - -2 - -1) + -784 + 779.
-15
What is (-18 - 7) + 25 - -18?
18
Calculate 0 + 39 - (-33 + -34 + 80).
26
Evaluate (11 - (-10 + 22)) + 5 + -2.
2
Calculate (30 - (21 + -8)) + -10 - (3 + -10).
14
Calculate 9 + 1 - (-41 - -54).
-3
What is 9 + (-6 - 1) + 3 - -5?
10
Evaluate 3 - (-3 + (3 + -1 - 3) - -1).
6
-22 + 9 + 32 - 42
-23
What is the value of -15 - (-5 - (-5 + 7))?
-8
Evaluate (704 - 710) + (14 - 2) + -1 + 1.
6
What is (0 + -1 - (-3 + 5)) + 141 + -139?
-1
Evaluate 2 + (-1 - -4 - 6) + 5.
4
Calculate (4 - 26) + 33 + -8.
3
What is the value of 31 - (14 + -15 + 6) - 4?
22
What is -3 + 8 + (-7 - (8 - 2))?
-8
What is the value of 377 + -376 - (0 - (-1 - (-2 + 1)))?
1
What is the value of -8 - (15 + -18 + 9 + -23)?
9
Evaluate -9 + 1 + -50 + 61.
3
Calculate 4 + (-124 + 108 - (-1 - (1 + -2))).
-12
What is -11 + 17 + -15 + 30?
21
What is the value of -3 + 1 - (-2 - (3 + -15))?
-12
Calculate 2 - 13 - (-4 + 6) - (1 + 5).
-19
Evaluate (-183 - -187) + (-2 - -2 - -1) - 3.
2
What is 16 + -4 + (0 - 4) + 5?
13
Calculate (-2 - -17) + (3 - 22).
-4
What is the value of -25 + (6 - -23) + 4 + 24 + 3?
35
What is (24 - (16 - 3 - -3)) + 3?
11
Evaluate 10 - 1 - (2 + 17 + -9).
-1
What is the value of -13 - ((-10 - -1) + 2)?
-6
Calculate 0 + 4 + -3 + -23 + 8 + -3.
-17
What is -7 - 0 - (0 + (13 - 24)) - 13?
-9
Calculate 18 + -3 - (70 + -51).
-4
What is the value of -9 + 0 + (-8 + 9 - -6 - 3)?
-5
What is (-16 - -9) + (-23 + -2 - -17)?
-15
Calculate (3 - (9 - 13) - 0) + (0 - 7).
0
What is the value of (-236 + 228 - (-1 - 0)) + 1 - 8?
-14
Evaluate 21 + 0 + 13 + (-15 - -7 - 6).
20
What is the value of (308 - 306) + (1 - 14)?
-11
Evaluate 2 - (-27 + -1) - (1107 + -1100).
23
What is the value of (-46 - (-67 - 12)) + 2 + (-2 - 6)?
27
What is the value of (-64 - -38) + (6 - 1)?
-21
What is -5 + -4 + 5 + -2 + (-15 - -32)?
11
-31 - (-108 - -26 